{"id":213,"date":"2025-10-15T00:35:03","date_gmt":"2025-10-15T00:35:03","guid":{"rendered":"https:\/\/iroinstituto.org\/home\/carrito\/"},"modified":"2025-10-20T17:39:33","modified_gmt":"2025-10-20T17:39:33","slug":"carrito","status":"publish","type":"page","link":"https:\/\/iroinstituto.org\/home\/carrito\/","title":{"rendered":"Carrito"},"content":{"rendered":"\n<div data-block-name=\"woocommerce\/cart\" class=\"wp-block-woocommerce-cart alignwide is-loading\">\n<div data-block-name=\"woocommerce\/filled-cart-block\" class=\"wp-block-woocommerce-filled-cart-block\">\n<div data-block-name=\"woocommerce\/cart-items-block\" class=\"wp-block-woocommerce-cart-items-block\">\n<div data-block-name=\"woocommerce\/cart-line-items-block\" class=\"wp-block-woocommerce-cart-line-items-block\"><\/div>\n\n\n<\/div>\n\n\n\n<div data-block-name=\"woocommerce\/cart-totals-block\" class=\"wp-block-woocommerce-cart-totals-block\">\n<div data-block-name=\"woocommerce\/cart-order-summary-block\" class=\"wp-block-woocommerce-cart-order-summary-block\">\n<div data-block-name=\"woocommerce\/cart-order-summary-heading-block\" data-content=\"Totales del carrito\" class=\"wp-block-woocommerce-cart-order-summary-heading-block\"><\/div>\n\n\n\n<div data-block-name=\"woocommerce\/cart-order-summary-coupon-form-block\" class=\"wp-block-woocommerce-cart-order-summary-coupon-form-block\"><\/div>\n\n\n\n<div data-block-name=\"woocommerce\/cart-order-summary-totals-block\" class=\"wp-block-woocommerce-cart-order-summary-totals-block\">\n<div data-block-name=\"woocommerce\/cart-order-summary-subtotal-block\" class=\"wp-block-woocommerce-cart-order-summary-subtotal-block\"><\/div>\n\n\n\n<div data-block-name=\"woocommerce\/cart-order-summary-fee-block\" class=\"wp-block-woocommerce-cart-order-summary-fee-block\"><\/div>\n\n\n\n<div data-block-name=\"woocommerce\/cart-order-summary-discount-block\" class=\"wp-block-woocommerce-cart-order-summary-discount-block\"><\/div>\n\n\n\n<div data-block-name=\"woocommerce\/cart-order-summary-shipping-block\" class=\"wp-block-woocommerce-cart-order-summary-shipping-block\"><\/div>\n\n\n\n<div data-block-name=\"woocommerce\/cart-order-summary-taxes-block\" class=\"wp-block-woocommerce-cart-order-summary-taxes-block\"><\/div>\n<\/div>\n<\/div>\n\n\n\n<div data-block-name=\"woocommerce\/cart-express-payment-block\" class=\"wp-block-woocommerce-cart-express-payment-block\"><\/div>\n\n\n\n<div data-block-name=\"woocommerce\/proceed-to-checkout-block\" class=\"wp-block-woocommerce-proceed-to-checkout-block\"><\/div>\n\n\n\n<div data-block-name=\"woocommerce\/cart-accepted-payment-methods-block\" class=\"wp-block-woocommerce-cart-accepted-payment-methods-block\"><\/div>\n<\/div>\n<\/div>\n\n\n\n<div data-block-name=\"woocommerce\/empty-cart-block\" class=\"wp-block-woocommerce-empty-cart-block\">\n<h2 class=\"wp-block-heading has-text-align-center with-empty-cart-icon wc-block-cart__empty-cart__title\">\u00a1Tu carrito est\u00e1 actualmente vac\u00edo!<\/h2>\n\n\n\n<hr class=\"wp-block-separator has-alpha-channel-opacity is-style-dots\"\/>\n\n\n\n<h2 class=\"wp-block-heading has-text-align-center\">Conoce m\u00e1s cursos<\/h2>\n\n\n<div data-block-name=\"woocommerce\/product-new\" data-columns=\"4\" data-rows=\"1\" class=\"wc-block-grid wp-block-product-new wp-block-woocommerce-product-new wc-block-product-new has-4-columns\"><ul class=\"wc-block-grid__products\"><li class=\"wc-block-grid__product\">\n\t\t\t\t<a href=\"https:\/\/iroinstituto.org\/home\/producto\/curso-de-actualizacion-en-iso-223012019-sistemas-de-gestion-de-continuidad-de-negocio\/\" class=\"wc-block-grid__product-link\">\n\t\t\t\t\t\n\t\t\t\t\t<div class=\"wc-block-grid__product-image\"><img loading=\"lazy\" decoding=\"async\" width=\"800\" height=\"800\" src=\"https:\/\/iroinstituto.org\/home\/wp-content\/uploads\/2025\/11\/corporate-employee-looking-smartphone-screen-while-working-business-planning-with-computer-charts-company-office-businesswoman-using-mobile-phone--800x800.jpg\" class=\"attachment-woocommerce_thumbnail size-woocommerce_thumbnail\" alt=\"Curso de Actualizaci\u00f3n en ISO 22301:2019 Sistemas de Gesti\u00f3n de Continuidad de Negocio\" srcset=\"https:\/\/iroinstituto.org\/home\/wp-content\/uploads\/2025\/11\/corporate-employee-looking-smartphone-screen-while-working-business-planning-with-computer-charts-company-office-businesswoman-using-mobile-phone--800x800.jpg 800w, https:\/\/iroinstituto.org\/home\/wp-content\/uploads\/2025\/11\/corporate-employee-looking-smartphone-screen-while-working-business-planning-with-computer-charts-company-office-businesswoman-using-mobile-phone--150x150.jpg 150w, https:\/\/iroinstituto.org\/home\/wp-content\/uploads\/2025\/11\/corporate-employee-looking-smartphone-screen-while-working-business-planning-with-computer-charts-company-office-businesswoman-using-mobile-phone--300x300.jpg 300w\" sizes=\"auto, (max-width:767px) 700px, (max-width:800px) 100vw, 800px\" \/><\/div>\n\t\t\t\t\t<div class=\"wc-block-grid__product-title\">Curso de Actualizaci\u00f3n en ISO 22301:2019 Sistemas de Gesti\u00f3n de Continuidad de Negocio<\/div>\n\t\t\t\t<\/a>\n\t\t\t\t<div class=\"wc-block-grid__product-price price\"><span class=\"woocommerce-Price-amount amount\"><span class=\"woocommerce-Price-currencySymbol\">&#036;<\/span>3,750.00<\/span><\/div>\n\t\t\t\t\n\t\t\t\t<div class=\"wp-block-button wc-block-grid__product-add-to-cart\"><a href=\"\/home\/wp-json\/wp\/v2\/pages\/213?add-to-cart=787\" aria-label=\"A\u00f1adir al carrito: &ldquo;Curso de Actualizaci\u00f3n en ISO 22301:2019 Sistemas de Gesti\u00f3n de Continuidad de Negocio&rdquo;\" data-quantity=\"1\" data-product_id=\"787\" data-product_sku=\"\" data-price=\"3750\" rel=\"nofollow\" class=\"wp-block-button__link  add_to_cart_button ajax_add_to_cart\">A\u00f1adir al carrito<\/a><\/div>\n\t\t\t<\/li><li class=\"wc-block-grid__product\">\n\t\t\t\t<a href=\"https:\/\/iroinstituto.org\/home\/producto\/renovacion-certificacion-rm-31000-1-ano\/\" class=\"wc-block-grid__product-link\">\n\t\t\t\t\t\n\t\t\t\t\t<div class=\"wc-block-grid__product-image\"><img loading=\"lazy\" decoding=\"async\" width=\"800\" height=\"800\" src=\"https:\/\/iroinstituto.org\/home\/wp-content\/uploads\/2025\/11\/renov2-800x800.jpg\" class=\"attachment-woocommerce_thumbnail size-woocommerce_thumbnail\" alt=\"Renovaci\u00f3n certificaci\u00f3n RM-31000 (1 a\u00f1o)\" srcset=\"https:\/\/iroinstituto.org\/home\/wp-content\/uploads\/2025\/11\/renov2-800x800.jpg 800w, https:\/\/iroinstituto.org\/home\/wp-content\/uploads\/2025\/11\/renov2-150x150.jpg 150w, https:\/\/iroinstituto.org\/home\/wp-content\/uploads\/2025\/11\/renov2-300x300.jpg 300w\" sizes=\"auto, (max-width:767px) 700px, (max-width:800px) 100vw, 800px\" \/><\/div>\n\t\t\t\t\t<div class=\"wc-block-grid__product-title\">Renovaci\u00f3n certificaci\u00f3n RM-31000 (1 a\u00f1o)<\/div>\n\t\t\t\t<\/a>\n\t\t\t\t<div class=\"wc-block-grid__product-price price\"><span class=\"woocommerce-Price-amount amount\"><span class=\"woocommerce-Price-currencySymbol\">&#036;<\/span>3,500.00<\/span><\/div>\n\t\t\t\t\n\t\t\t\t<div class=\"wp-block-button wc-block-grid__product-add-to-cart\"><a href=\"\/home\/wp-json\/wp\/v2\/pages\/213?add-to-cart=749\" aria-label=\"A\u00f1adir al carrito: &ldquo;Renovaci\u00f3n certificaci\u00f3n RM-31000 (1 a\u00f1o)&rdquo;\" data-quantity=\"1\" data-product_id=\"749\" data-product_sku=\"\" data-price=\"3500\" rel=\"nofollow\" class=\"wp-block-button__link  add_to_cart_button ajax_add_to_cart\">A\u00f1adir al carrito<\/a><\/div>\n\t\t\t<\/li><li class=\"wc-block-grid__product\">\n\t\t\t\t<a href=\"https:\/\/iroinstituto.org\/home\/producto\/renovacion-certificacion-bc-22301-1-ano\/\" class=\"wc-block-grid__product-link\">\n\t\t\t\t\t\n\t\t\t\t\t<div class=\"wc-block-grid__product-image\"><img loading=\"lazy\" decoding=\"async\" width=\"800\" height=\"800\" src=\"https:\/\/iroinstituto.org\/home\/wp-content\/uploads\/2025\/11\/reno-800x800.jpg\" class=\"attachment-woocommerce_thumbnail size-woocommerce_thumbnail\" alt=\"Renovaci\u00f3n certificaci\u00f3n BC-22301 (1 a\u00f1o)\" srcset=\"https:\/\/iroinstituto.org\/home\/wp-content\/uploads\/2025\/11\/reno-800x800.jpg 800w, https:\/\/iroinstituto.org\/home\/wp-content\/uploads\/2025\/11\/reno-150x150.jpg 150w, https:\/\/iroinstituto.org\/home\/wp-content\/uploads\/2025\/11\/reno-300x300.jpg 300w\" sizes=\"auto, (max-width:767px) 700px, (max-width:800px) 100vw, 800px\" \/><\/div>\n\t\t\t\t\t<div class=\"wc-block-grid__product-title\">Renovaci\u00f3n certificaci\u00f3n BC-22301 (1 a\u00f1o)<\/div>\n\t\t\t\t<\/a>\n\t\t\t\t<div class=\"wc-block-grid__product-price price\"><span class=\"woocommerce-Price-amount amount\"><span class=\"woocommerce-Price-currencySymbol\">&#036;<\/span>3,500.00<\/span><\/div>\n\t\t\t\t\n\t\t\t\t<div class=\"wp-block-button wc-block-grid__product-add-to-cart\"><a href=\"\/home\/wp-json\/wp\/v2\/pages\/213?add-to-cart=747\" aria-label=\"A\u00f1adir al carrito: &ldquo;Renovaci\u00f3n certificaci\u00f3n BC-22301 (1 a\u00f1o)&rdquo;\" data-quantity=\"1\" data-product_id=\"747\" data-product_sku=\"\" data-price=\"3500\" rel=\"nofollow\" class=\"wp-block-button__link  add_to_cart_button ajax_add_to_cart\">A\u00f1adir al carrito<\/a><\/div>\n\t\t\t<\/li><li class=\"wc-block-grid__product\">\n\t\t\t\t<a href=\"https:\/\/iroinstituto.org\/home\/producto\/examen-para-certificacion-rm-31000\/\" class=\"wc-block-grid__product-link\">\n\t\t\t\t\t\n\t\t\t\t\t<div class=\"wc-block-grid__product-image\"><img loading=\"lazy\" decoding=\"async\" width=\"800\" height=\"800\" src=\"https:\/\/iroinstituto.org\/home\/wp-content\/uploads\/2025\/11\/examenonline2-800x800.jpg\" class=\"attachment-woocommerce_thumbnail size-woocommerce_thumbnail\" alt=\"Examen para Certificaci\u00f3n RM-31000\" srcset=\"https:\/\/iroinstituto.org\/home\/wp-content\/uploads\/2025\/11\/examenonline2-800x800.jpg 800w, https:\/\/iroinstituto.org\/home\/wp-content\/uploads\/2025\/11\/examenonline2-150x150.jpg 150w, https:\/\/iroinstituto.org\/home\/wp-content\/uploads\/2025\/11\/examenonline2-300x300.jpg 300w\" sizes=\"auto, (max-width:767px) 700px, (max-width:800px) 100vw, 800px\" \/><\/div>\n\t\t\t\t\t<div class=\"wc-block-grid__product-title\">Examen para Certificaci\u00f3n RM-31000<\/div>\n\t\t\t\t<\/a>\n\t\t\t\t<div class=\"wc-block-grid__product-price price\"><span class=\"woocommerce-Price-amount amount\"><span class=\"woocommerce-Price-currencySymbol\">&#036;<\/span>3,000.00<\/span><\/div>\n\t\t\t\t\n\t\t\t\t<div class=\"wp-block-button wc-block-grid__product-add-to-cart\"><a href=\"\/home\/wp-json\/wp\/v2\/pages\/213?add-to-cart=745\" aria-label=\"A\u00f1adir al carrito: &ldquo;Examen para Certificaci\u00f3n RM-31000&rdquo;\" data-quantity=\"1\" data-product_id=\"745\" data-product_sku=\"\" data-price=\"3000\" rel=\"nofollow\" class=\"wp-block-button__link  add_to_cart_button ajax_add_to_cart\">A\u00f1adir al carrito<\/a><\/div>\n\t\t\t<\/li><\/ul><\/div><\/div>\n<\/div>\n","protected":false},"excerpt":{"rendered":"","protected":false},"author":1,"featured_media":0,"parent":0,"menu_order":0,"comment_status":"closed","ping_status":"closed","template":"","meta":{"_acf_changed":false,"footnotes":""},"class_list":["post-213","page","type-page","status-publish","hentry"],"acf":[],"_hostinger_reach_plugin_has_subscription_block":false,"_hostinger_reach_plugin_is_elementor":false,"_links":{"self":[{"href":"https:\/\/iroinstituto.org\/home\/wp-json\/wp\/v2\/pages\/213","targetHints":{"allow":["GET"]}}],"collection":[{"href":"https:\/\/iroinstituto.org\/home\/wp-json\/wp\/v2\/pages"}],"about":[{"href":"https:\/\/iroinstituto.org\/home\/wp-json\/wp\/v2\/types\/page"}],"author":[{"embeddable":true,"href":"https:\/\/iroinstituto.org\/home\/wp-json\/wp\/v2\/users\/1"}],"replies":[{"embeddable":true,"href":"https:\/\/iroinstituto.org\/home\/wp-json\/wp\/v2\/comments?post=213"}],"version-history":[{"count":3,"href":"https:\/\/iroinstituto.org\/home\/wp-json\/wp\/v2\/pages\/213\/revisions"}],"predecessor-version":[{"id":311,"href":"https:\/\/iroinstituto.org\/home\/wp-json\/wp\/v2\/pages\/213\/revisions\/311"}],"wp:attachment":[{"href":"https:\/\/iroinstituto.org\/home\/wp-json\/wp\/v2\/media?parent=213"}],"curies":[{"name":"wp","href":"https:\/\/api.w.org\/{rel}","templated":true}]}}