{"id":259,"date":"2025-01-03T01:51:20","date_gmt":"2025-01-03T07:51:20","guid":{"rendered":"https:\/\/iroinstituto.org\/home\/?post_type=product&#038;p=259"},"modified":"2026-01-20T21:23:10","modified_gmt":"2026-01-21T03:23:10","slug":"domina-la-gestion-del-riesgo-con-iso-31000","status":"publish","type":"product","link":"https:\/\/iroinstituto.org\/home\/producto\/domina-la-gestion-del-riesgo-con-iso-31000\/","title":{"rendered":"Curso de certificaci\u00f3n ISO 31000 Gesti\u00f3n del Riesgo"},"content":{"rendered":"<p>Aprende a aplicar ISO 31000 y certif\u00edcate en gesti\u00f3n del riesgo.<\/p>\n","protected":false},"excerpt":{"rendered":"<p>Aprende a aplicar ISO 31000 y certif\u00edcate en gesti\u00f3n del riesgo.<\/p>\n","protected":false},"featured_media":263,"template":"","meta":{"_acf_changed":false},"product_brand":[33],"product_cat":[21],"product_tag":[26],"class_list":{"0":"post-259","1":"product","2":"type-product","3":"status-publish","4":"has-post-thumbnail","6":"product_brand-muestra-inicio","7":"product_cat-certificacion","8":"product_tag-gestion-del-riesgo","10":"first","11":"instock","12":"featured","13":"taxable","14":"shipping-taxable","15":"purchasable","16":"product-type-simple"},"acf":[],"_links":{"self":[{"href":"https:\/\/iroinstituto.org\/home\/wp-json\/wp\/v2\/product\/259","targetHints":{"allow":["GET"]}}],"collection":[{"href":"https:\/\/iroinstituto.org\/home\/wp-json\/wp\/v2\/product"}],"about":[{"href":"https:\/\/iroinstituto.org\/home\/wp-json\/wp\/v2\/types\/product"}],"wp:featuredmedia":[{"embeddable":true,"href":"https:\/\/iroinstituto.org\/home\/wp-json\/wp\/v2\/media\/263"}],"wp:attachment":[{"href":"https:\/\/iroinstituto.org\/home\/wp-json\/wp\/v2\/media?parent=259"}],"wp:term":[{"taxonomy":"product_brand","embeddable":true,"href":"https:\/\/iroinstituto.org\/home\/wp-json\/wp\/v2\/product_brand?post=259"},{"taxonomy":"product_cat","embeddable":true,"href":"https:\/\/iroinstituto.org\/home\/wp-json\/wp\/v2\/product_cat?post=259"},{"taxonomy":"product_tag","embeddable":true,"href":"https:\/\/iroinstituto.org\/home\/wp-json\/wp\/v2\/product_tag?post=259"}],"curies":[{"name":"wp","href":"https:\/\/api.w.org\/{rel}","templated":true}]}}