{"id":657,"date":"2025-11-10T16:14:50","date_gmt":"2025-11-10T22:14:50","guid":{"rendered":"https:\/\/iroinstituto.org\/home\/?post_type=product&#038;p=657"},"modified":"2025-11-11T11:16:49","modified_gmt":"2025-11-11T17:16:49","slug":"introduccion-a-la-gestion-del-riesgo-con-base-en-iso-31000","status":"publish","type":"product","link":"https:\/\/iroinstituto.org\/home\/producto\/introduccion-a-la-gestion-del-riesgo-con-base-en-iso-31000\/","title":{"rendered":"Introducci\u00f3n a la Gesti\u00f3n del Riesgo con base en ISO 31000"},"content":{"rendered":"<p>Construye tu aprendizaje en Gesti\u00f3n del Riesgo<\/p>\n","protected":false},"excerpt":{"rendered":"<p>Construye tu aprendizaje en Gesti\u00f3n del Riesgo<\/p>\n","protected":false},"featured_media":658,"template":"","meta":{"_acf_changed":false},"product_brand":[],"product_cat":[34],"product_tag":[26],"class_list":{"0":"post-657","1":"product","2":"type-product","3":"status-publish","4":"has-post-thumbnail","6":"product_cat-micropracticas","7":"product_tag-gestion-del-riesgo","9":"first","10":"instock","11":"taxable","12":"shipping-taxable","13":"purchasable","14":"product-type-simple"},"acf":[],"_links":{"self":[{"href":"https:\/\/iroinstituto.org\/home\/wp-json\/wp\/v2\/product\/657","targetHints":{"allow":["GET"]}}],"collection":[{"href":"https:\/\/iroinstituto.org\/home\/wp-json\/wp\/v2\/product"}],"about":[{"href":"https:\/\/iroinstituto.org\/home\/wp-json\/wp\/v2\/types\/product"}],"wp:featuredmedia":[{"embeddable":true,"href":"https:\/\/iroinstituto.org\/home\/wp-json\/wp\/v2\/media\/658"}],"wp:attachment":[{"href":"https:\/\/iroinstituto.org\/home\/wp-json\/wp\/v2\/media?parent=657"}],"wp:term":[{"taxonomy":"product_brand","embeddable":true,"href":"https:\/\/iroinstituto.org\/home\/wp-json\/wp\/v2\/product_brand?post=657"},{"taxonomy":"product_cat","embeddable":true,"href":"https:\/\/iroinstituto.org\/home\/wp-json\/wp\/v2\/product_cat?post=657"},{"taxonomy":"product_tag","embeddable":true,"href":"https:\/\/iroinstituto.org\/home\/wp-json\/wp\/v2\/product_tag?post=657"}],"curies":[{"name":"wp","href":"https:\/\/api.w.org\/{rel}","templated":true}]}}